ctors of a?
2, 3
Suppose 19 - 4 = 3*k. Suppose 0 = -k*m + 26 - 6. List the prime factors of m.
2
Let a = 0 - 2. Let c = a + 5. Suppose 0 = c*i - 2*i - 10. What are the prime factors of i?
2, 5
Let v = 5 + 6. What are the prime factors of v?
11
List the prime factors of (6/5)/(3006/500 - 6).
2, 5
Suppose -2*u = 2*u + 364. Let i = u - -127. List the prime factors of i.
2, 3
Let i(j) = -j**2 - 9*j - 4. Let q be i(-8). Suppose 2*n + 60 = 4*f, -2*n = q*f - 6*n - 52. List the prime factors of f.
17
Suppose -4*q + p = -2*p - 321, 2*p - 72 = -q. List the prime factors of q.
2, 3, 13
Suppose 104 = -0*y + 4*y. Suppose 4*h + y = 94. What are the prime factors of h?
17
Suppose 326 + 286 = 4*y. What are the prime factors of y?
3, 17
Let b(z) = 139*z + 1. What are the prime factors of b(1)?
2, 5, 7
Let t(b) = -2*b + 1. Let d(g) = g**2 - 9*g - 10. Let m be d(10). Suppose 3*n - 2*n = 5, m = 4*s + n + 3. What are the prime factors of t(s)?
5
Let d be 1/4 + (-161)/(-28). Let s = 17 + d. List the prime factors of s.
23
Let n(k) = k**2 + 8*k + 6. Let a = 17 + -29. List the prime factors of n(a).
2, 3
Suppose 15 - 5 = 5*i. List the prime factors of (24/(-10))/(i/(-10)).
2, 3
Let q be 0 - -10*1/2. Suppose -5*o - 4*k = -7*k - 3, q*o = 2*k + 7. What are the prime factors of o?
3
Suppose 5*h + 146 = 7*h. What are the prime factors of h?
73
Suppose -4*b = 5*r + 2, 3*b + 4 - 3 = -4*r. Suppose -4*o + 25 = z + 1, -r*o + 82 = 4*z. Suppose -4*f = -2*f - z. List the prime factors of f.
2, 5
Suppose -h = -344 + 35. List the prime factors of h.
3, 103
List the prime factors of (-445)/(-65) - 4/(-26).
7
Let r(k) = 6*k. What are the prime factors of r(8)?
2, 3
Suppose -2*l + l - 3*p + 15 = 0, 5*l - 5*p - 15 = 0. What are the prime factors of (-9)/l - 78/(-4)?
2, 3
Let s(c) = -c**2 + 25*c - 25. List the prime factors of s(10).
5
Let l(w) = 7*w - 1. Let a = -7 - -13. Suppose a - 2 = 4*p. What are the prime factors of l(p)?
2, 3
Let x(w) be the first derivative of -2*w**2 + 5. List the prime factors of x(-6).
2, 3
Suppose p - 2*p + 6 = 3*g, 4*g = -3*p + 3. Suppose -54 = -g*n - 6. List the prime factors of n.
2
What are the prime factors of 14/5*25/10?
7
Suppose 0 = 6*b - 4*b - 16. List the prime factors of (44/b)/(1/2).
11
Suppose 5*n - 3*a = -44, 3*n - 5*a + 9 = -11. Let f(p) = p**3 + 9*p**2 - 12*p + 13. List the prime factors of f(n).
3, 11
Suppose -3*r + 1 = j - 16, 4*j + 4*r = 28. Suppose 2*s - 4 = 3*c, j*c = -5*s + 4*c + 32. What are the prime factors of s?
2
Let d(g) = -g**2 + 5*g + 17. List the prime factors of d(0).
17
Let o(y) = y**2 - 9*y + 12. Let x be o(8). Suppose x*m - m - 66 = 0. What are the prime factors of m?
2, 11
Let u = -167 + 505. What are the prime factors of u?
2, 13
Let l(w) be the second derivative of w**5/20 - 3*w**4/4 - 5*w**3/3 + 3*w**2/2 - 3*w. Let u be l(10). Suppose -2*k = -u*k + 6. List the prime factors of k.
2, 3
Let l(o) = 12*o**2 + 4*o + 7. List the prime factors of l(-2).
47
Let m(q) = -q**3 - 5*q**2 + 8*q - 15. List the prime factors of m(-7).
3
Suppose 4*x + j - 112 = 0, 0*x - 4*x - 4*j + 112 = 0. Let o = -1 + x. What are the prime factors of o?
3
Suppose -5*i - 3*u + 639 = 0, 3*u - u = 6. List the prime factors of i.
2, 3, 7
Suppose 2*w - 72 = w. What are the prime factors of (-1)/(-5) - w/(-15)?
5
Suppose -3*a = 3 - 0. Let w be (-7)/a + (-2 - 0). Let s = w + 3. What are the prime factors of s?
2
Let m = 4 + -7. Let a be 24/(-15) - (-10)/(-25). What are the prime factors of (0 - -1)*a*m?
2, 3
Let q(g) = g**3 - 10*g**2 + 10*g - 4. Let u be q(9). Suppose -u*n - 23 = -3*r, 0 = -3*n - 3. List the prime factors of ((-20)/r)/((-4)/12).
2, 5
Let b(d) = 54*d**3 - d**2 + 3*d - 3. List the prime factors of b(1).
53
Let r = -14 - -17. Suppose -r*g - 67 = -2*t, -1 - 3 = 4*g. List the prime factors of t.
2
Let n(t) = -t**2 - 5*t. Let j be n(-6). Let o = j - -8. Suppose o*k = -5*x - 2*k + 113, -3*k = -6. List the prime factors of x.
3, 7
Suppose -o - 2*o = 0. Let q(z) = -z**3 - z**2 - z + 8. What are the prime factors of q(o)?
2
List the prime factors of ((-100)/(-6))/(8/12).
5
Let m = 48 - 32. Let g(c) = -4*c**2 - 7 + m + 6*c + 5*c**2. What are the prime factors of g(-6)?
3
Suppose -18 = 5*z + 4*r, -3*z - r - 2*r = 12. Let y be (0 - -7 - 2) + z. Let s = -1 + y. What are the prime factors of s?
2
Suppose 4*p - 128 = -4*q, 3*p - 85 = -2*q + 8*p. What are the prime factors of q?
5, 7
Let m(l) = 0*l + 0 - 1 + 2 - 11*l. List the prime factors of m(-1).
2, 3
Suppose -2*a + a + 2*h + 16 = 0, -5*a = -4*h - 50. Let c = 10 - a. Suppose -4*l + 42 = -2*d, c*d + 0*d = 4. What are the prime factors of l?
11
Let r = -51 - -99. List the prime factors of r.
2, 3
Suppose 0 = -n + 4, 0*f + 5*f - 5*n + 20 = 0. Suppose 3*w = f, -g - 3*w - 150 = -4*g. List the prime factors of g.
2, 5
Suppose -4*t = -t - 246. What are the prime factors of t?
2, 41
Suppose -4*s = -62 + 6. What are the prime factors of s?
2, 7
Let i be 12/10*(-60)/(-18). Suppose w + i*h = 1 - 15, 0 = -4*w - 2*h. List the prime factors of w.
2
Suppose 473 - 5 = 4*f. List the prime factors of f.
3, 13
Let t = 4 + -3. Let j = t - -2. List the prime factors of j.
3
Suppose 0 = -2*a - 2*a + 28. What are the prime factors of (0 + 3)/3 + a?
2
Let q be 6/15 + (-36)/(-10). Suppose 0*k = -k + q. Suppose -3*b + 21 = 3*a, k*b - 4*a = -5*a + 31. What are the prime factors of b?
2
List the prime factors of (-4)/18 - (-362)/9.
2, 5
Let a(b) = 89*b**3 + b**2 - b + 1. List the prime factors of a(1).
2, 3, 5
Let v(w) be the third derivative of w**5/60 - w**4/8 + 2*w**3 + 3*w**2. List the prime factors of v(6).
2, 3, 5
Suppose 4*n + 16 = -4*y, 5*n - 4*y - 12 = 4. Suppose -5*b + 3*b + 2 = n. List the prime factors of 1/(3/2 - b).
2
Let z be (6 - 1)*(-20)/(-25). Suppose -z = -4*o - 0*o. What are the prime factors of ((-4)/(-1) - -1)/o?
5
Let t be (-4)/1*22/(-8). Suppose -3*d + 79 = -4*g + 14, d + 4*g - t = 0. What are the prime factors of d?
19
Suppose -29*v = -5*v - 8424. List the prime factors of v.
3, 13
Suppose -2*c = -v - 14, 3*c + 10 = c - 5*v. Suppose 8 = -2*b - 0, c*y = b + 104. What are the prime factors of y?
2, 5
What are the prime factors of 78 + 2 + (4*-1)/(-2)?
2, 41
List the prime factors of (0 + -245)/(-5) + -2.
47
Let t(p) = p**2 - 6*p + 12. List the prime factors of t(8).
2, 7
Let q = 672 + -382. List the prime factors of q.
2, 5, 29
Let u(a) = -11*a**2 + 35*a + 8. Let y(t) = -4*t**2 + 12*t + 3. Let g(z) = 3*u(z) - 8*y(z). What are the prime factors of g(8)?
2
Let x be 3/15 - (-249)/5. Suppose 0 = 2*z - x - 8. What are the prime factors of z?
29
What are the prime factors of ((-34)/(-6))/(2/6)?
17
Let j be 77*4/14*6. Suppose -2*f = -6*f + j. What are the prime factors of f?
3, 11
Suppose 0 = -4*l + 2*l - 2*d + 22, 0 = 2*l - 2*d - 6. List the prime factors of l.
7
Let p = 7 - 4. Suppose 0 = -5*i - 5*o + 95, 3*i = -2*i + p*o + 127. List the prime factors of i.
23
Let c be 34 - 2 - 9/(-3). Let d = 63 - c. What are the prime factors of d?
2, 7
Suppose 3*m - 7 = 8. Suppose -u + 4*u = 3*i, 0 = 5*u + i - 18. Suppose -m*b = -5, -u*j - 4*b = -0 - 16. What are the prime factors of j?
2
Let s = 5 + -8. What are the prime factors of 2/s - (-70)/15?
2
Let c(z) be the first derivative of 5*z**4/2 + 2*z**3/3 - z - 1. List the prime factors of c(1).
11
Let u = -8 - 3. Let t = -3 - u. What are the prime factors of t?
2
Let i(k) = 3*k**2 - 15*k + 28. What are the prime factors of i(10)?
2, 89
Let p(z) = z**2 + 4*z + 7. Suppose 0*g = g + 5. Let u be p(g). Suppose 4*c - 22 = -2*l, 3*c - 3*l + u = 2*c. What are the prime factors of c?
3
Let l be 112 - (2 - (-2 - -1)). Suppose 0 = 4*d + 37 - l. What are the prime factors of d?
2, 3
Let t = -78 - -142. List the prime factors of t.
2
Let n be (-2)/1*-1 - -3. Suppose -2*r - 2*t + 3 = t, n*r = t + 16. List the prime factors of r.
3
Let b be (-744)/(-42) + 4/14. Suppose 4*m = 7*m + b. List the prime factors of (4/m)/(6/(-72)).
2
Let i = 11 + -6. Let f = -38 + 63. Suppose i*o - 145 = -f. List the prime factors of o.
2, 3
Suppose 2*i - 5*c + 13 = 0, -c - 19 = i - 6*c. List the prime factors of i.
2, 3
Suppose z + 2*z - 15 = 0, 2*o + 3*z = 25. Let m = o - 6. Let x = m - -6. List the prime factors of x.
5
Let k(h) = -h**2 + 14*h + 30. List the prime factors of k(14).
2, 3, 5
Let y(q) = 3*q